{"id":37,"date":"2017-02-08T14:20:40","date_gmt":"2017-02-08T13:20:40","guid":{"rendered":"http:\/\/gehrmannbau.de\/wordpress\/?page_id=37"},"modified":"2017-02-10T16:12:57","modified_gmt":"2017-02-10T15:12:57","slug":"leistungsspektum","status":"publish","type":"page","link":"https:\/\/gehrmannbau.de\/wordpress\/leistungsspektum\/","title":{"rendered":"Leistungsspektum"},"content":{"rendered":"<h2>Beratung<\/h2>\n<p><img loading=\"lazy\" decoding=\"async\" class=\"wp-image-113 alignleft\" src=\"http:\/\/gehrmannbau.de\/wordpress\/wp-content\/uploads\/2017\/02\/beratung.jpg\" alt=\"\" width=\"245\" height=\"155\" srcset=\"https:\/\/gehrmannbau.de\/wordpress\/wp-content\/uploads\/2017\/02\/beratung.jpg 800w, https:\/\/gehrmannbau.de\/wordpress\/wp-content\/uploads\/2017\/02\/beratung-300x190.jpg 300w, https:\/\/gehrmannbau.de\/wordpress\/wp-content\/uploads\/2017\/02\/beratung-768x486.jpg 768w\" sizes=\"(max-width: 245px) 100vw, 245px\" \/><\/p>\n<p><strong><br \/>\nIndividuell und technisch auf dem neuesten Stand sind wir f\u00fcr Sie da und entwickeln mit Ihnen das richtige Konzept f\u00fcr Ihre Anforderungen.<\/strong><\/p>\n<p>&nbsp;<\/p>\n<h2>Planung<\/h2>\n<p><img loading=\"lazy\" decoding=\"async\" class=\"wp-image-136 alignleft\" src=\"http:\/\/gehrmannbau.de\/wordpress\/wp-content\/uploads\/2017\/02\/Bauzeitenplan.jpg\" alt=\"\" width=\"246\" height=\"154\" srcset=\"https:\/\/gehrmannbau.de\/wordpress\/wp-content\/uploads\/2017\/02\/Bauzeitenplan.jpg 800w, https:\/\/gehrmannbau.de\/wordpress\/wp-content\/uploads\/2017\/02\/Bauzeitenplan-300x188.jpg 300w, https:\/\/gehrmannbau.de\/wordpress\/wp-content\/uploads\/2017\/02\/Bauzeitenplan-768x481.jpg 768w\" sizes=\"(max-width: 246px) 100vw, 246px\" \/><\/p>\n<p><strong><br \/>\nGut durchgeplant kann ihr Projekt<\/strong><br \/>\n<strong>fl\u00fcssig und termingerecht abgewickelt werden.<\/strong><\/p>\n<h2>Konstruktion<\/h2>\n<p><img loading=\"lazy\" decoding=\"async\" class=\"wp-image-115 alignleft\" src=\"http:\/\/gehrmannbau.de\/wordpress\/wp-content\/uploads\/2017\/02\/Plan.jpg\" alt=\"\" width=\"245\" height=\"209\" srcset=\"https:\/\/gehrmannbau.de\/wordpress\/wp-content\/uploads\/2017\/02\/Plan.jpg 704w, https:\/\/gehrmannbau.de\/wordpress\/wp-content\/uploads\/2017\/02\/Plan-300x256.jpg 300w\" sizes=\"(max-width: 245px) 100vw, 245px\" \/><br \/>\n<strong>Die Details werden nach den anerkannten Regeln <\/strong><br \/>\n<strong>der Technik erstellt. <\/strong><br \/>\n<strong>Zusammengef\u00fchrt bilden die Details <\/strong><br \/>\n<strong>die f\u00fcr Sie passende Konstruktion.<\/strong><\/p>\n<h2>\n<p>Montage<\/h2>\n<p><img loading=\"lazy\" decoding=\"async\" class=\"wp-image-116 alignleft\" src=\"http:\/\/gehrmannbau.de\/wordpress\/wp-content\/uploads\/2017\/02\/Mongate.jpg\" alt=\"\" width=\"245\" height=\"183\" srcset=\"https:\/\/gehrmannbau.de\/wordpress\/wp-content\/uploads\/2017\/02\/Mongate.jpg 2848w, https:\/\/gehrmannbau.de\/wordpress\/wp-content\/uploads\/2017\/02\/Mongate-300x225.jpg 300w, https:\/\/gehrmannbau.de\/wordpress\/wp-content\/uploads\/2017\/02\/Mongate-768x575.jpg 768w, https:\/\/gehrmannbau.de\/wordpress\/wp-content\/uploads\/2017\/02\/Mongate-1024x767.jpg 1024w\" sizes=\"(max-width: 245px) 100vw, 245px\" \/><br \/>\n<strong>Unsere gut ausgebildeten Handwerker realisieren Ihr Projekt und k\u00f6nnen dabei auf unser umfangreiches technisches Equipment zur\u00fcckgreifen. Dabei stehen nicht nur eigene Kr\u00e4ne und Hubsteiger zur Verf\u00fcgung.<\/strong><\/p>\n","protected":false},"excerpt":{"rendered":"<p>Beratung Individuell und technisch auf dem neuesten Stand sind wir f\u00fcr Sie da und entwickeln mit Ihnen das richtige Konzept f\u00fcr Ihre Anforderungen. &nbsp; Planung Gut durchgeplant kann ihr Projekt fl\u00fcssig und termingerecht abgewickelt werden.<\/p>\n","protected":false},"author":1,"featured_media":0,"parent":0,"menu_order":0,"comment_status":"closed","ping_status":"closed","template":"","meta":{"footnotes":""},"_links":{"self":[{"href":"https:\/\/gehrmannbau.de\/wordpress\/wp-json\/wp\/v2\/pages\/37"}],"collection":[{"href":"https:\/\/gehrmannbau.de\/wordpress\/wp-json\/wp\/v2\/pages"}],"about":[{"href":"https:\/\/gehrmannbau.de\/wordpress\/wp-json\/wp\/v2\/types\/page"}],"author":[{"embeddable":true,"href":"https:\/\/gehrmannbau.de\/wordpress\/wp-json\/wp\/v2\/users\/1"}],"replies":[{"embeddable":true,"href":"https:\/\/gehrmannbau.de\/wordpress\/wp-json\/wp\/v2\/comments?post=37"}],"version-history":[{"count":23,"href":"https:\/\/gehrmannbau.de\/wordpress\/wp-json\/wp\/v2\/pages\/37\/revisions"}],"predecessor-version":[{"id":112,"href":"https:\/\/gehrmannbau.de\/wordpress\/wp-json\/wp\/v2\/pages\/37\/revisions\/112"}],"wp:attachment":[{"href":"https:\/\/gehrmannbau.de\/wordpress\/wp-json\/wp\/v2\/media?parent=37"}],"curies":[{"name":"wp","href":"https:\/\/api.w.org\/{rel}","templated":true}]}}