{"id":382,"date":"2018-11-23T20:22:06","date_gmt":"2018-11-23T19:22:06","guid":{"rendered":"http:\/\/gehrmannbau.de\/wordpress\/?page_id=382"},"modified":"2023-08-30T19:19:20","modified_gmt":"2023-08-30T17:19:20","slug":"aktuelles","status":"publish","type":"page","link":"https:\/\/gehrmannbau.de\/wordpress\/aktuelles\/","title":{"rendered":"Aktuelles"},"content":{"rendered":"\n<p>Bereits zum 22. Mal konnte die begehrte Auszeichnung der Plakette \u201ePartner der<br>Feuerwehr\u201c am Mittwoch, den 23. August 2023, im G\u00e4stehaus der Nieders\u00e4chsischen<br>Landesregierung in Hannover verliehen werden.<br>Insgesamt erhielten 23 Firmen aus ganz Niedersachsen die dekorative Plakette aus den<br>H\u00e4nden des Pr\u00e4sidenten des Landesfeuerwehrverbandes Niedersachsen (LFV-NDS), Olaf<br>Kapke, sowie der Nieders\u00e4chsischen Ministerin f\u00fcr Inneres und Sport, Frau Daniela Behrens,<br>\u00fcberreicht.<\/p>\n\n\n\n<figure class=\"wp-block-image size-large\"><img loading=\"lazy\" decoding=\"async\" width=\"1024\" height=\"680\" src=\"https:\/\/gehrmannbau.de\/wordpress\/wp-content\/uploads\/2023\/08\/Fa_Gehrmann-1024x680.jpg\" alt=\"\" class=\"wp-image-507\" srcset=\"https:\/\/gehrmannbau.de\/wordpress\/wp-content\/uploads\/2023\/08\/Fa_Gehrmann-1024x680.jpg 1024w, https:\/\/gehrmannbau.de\/wordpress\/wp-content\/uploads\/2023\/08\/Fa_Gehrmann-300x199.jpg 300w, https:\/\/gehrmannbau.de\/wordpress\/wp-content\/uploads\/2023\/08\/Fa_Gehrmann-768x510.jpg 768w, https:\/\/gehrmannbau.de\/wordpress\/wp-content\/uploads\/2023\/08\/Fa_Gehrmann-1536x1021.jpg 1536w, https:\/\/gehrmannbau.de\/wordpress\/wp-content\/uploads\/2023\/08\/Fa_Gehrmann-2048x1361.jpg 2048w, https:\/\/gehrmannbau.de\/wordpress\/wp-content\/uploads\/2023\/08\/Fa_Gehrmann-420x280.jpg 420w\" sizes=\"(max-width: 1024px) 100vw, 1024px\" \/><figcaption>Gf. Stefan Gehrmann bei der Verleihung<\/figcaption><\/figure>\n\n\n<a href=\"https:\/\/gehrmannbau.de\/wordpress\/wp-content\/uploads\/2022\/10\/DachExpress_Sept2022_A3_Nr199_S3.pdf\" class=\"pdfemb-viewer\" style=\"\" data-width=\"max\" data-height=\"max\" data-toolbar=\"bottom\" data-toolbar-fixed=\"off\">DachExpress_Sept2022_A3_Nr199_S3<\/a>","protected":false},"excerpt":{"rendered":"<p>Bereits zum 22. Mal konnte die begehrte Auszeichnung der Plakette \u201ePartner derFeuerwehr\u201c am Mittwoch, den 23. August 2023, im G\u00e4stehaus der Nieders\u00e4chsischenLandesregierung in Hannover verliehen werden.Insgesamt erhielten 23 Firmen aus ganz Niedersachsen die dekorative Plakette<\/p>\n","protected":false},"author":1,"featured_media":0,"parent":0,"menu_order":0,"comment_status":"closed","ping_status":"closed","template":"","meta":{"footnotes":""},"_links":{"self":[{"href":"https:\/\/gehrmannbau.de\/wordpress\/wp-json\/wp\/v2\/pages\/382"}],"collection":[{"href":"https:\/\/gehrmannbau.de\/wordpress\/wp-json\/wp\/v2\/pages"}],"about":[{"href":"https:\/\/gehrmannbau.de\/wordpress\/wp-json\/wp\/v2\/types\/page"}],"author":[{"embeddable":true,"href":"https:\/\/gehrmannbau.de\/wordpress\/wp-json\/wp\/v2\/users\/1"}],"replies":[{"embeddable":true,"href":"https:\/\/gehrmannbau.de\/wordpress\/wp-json\/wp\/v2\/comments?post=382"}],"version-history":[{"count":7,"href":"https:\/\/gehrmannbau.de\/wordpress\/wp-json\/wp\/v2\/pages\/382\/revisions"}],"predecessor-version":[{"id":508,"href":"https:\/\/gehrmannbau.de\/wordpress\/wp-json\/wp\/v2\/pages\/382\/revisions\/508"}],"wp:attachment":[{"href":"https:\/\/gehrmannbau.de\/wordpress\/wp-json\/wp\/v2\/media?parent=382"}],"curies":[{"name":"wp","href":"https:\/\/api.w.org\/{rel}","templated":true}]}}